{"id":40,"date":"2017-01-06T18:46:30","date_gmt":"2017-01-06T17:46:30","guid":{"rendered":"http:\/\/personalweb.buscochico.info\/demos\/cristiano\/?page_id=40"},"modified":"2017-01-06T18:48:03","modified_gmt":"2017-01-06T17:48:03","slug":"servicios","status":"publish","type":"page","link":"https:\/\/personalweb.buscochico.info\/demos\/cristiano\/servicios\/","title":{"rendered":"Servicios Extra"},"content":{"rendered":"<p>Fotos y grabaci\u00f3n &#8211; edici\u00f3n de v\u00eddeo.<\/p>\n<p><strong><a href=\"http:\/\/personalweb.buscochico.info\/demos\/cristiano\/contact-form-3\/\">Consulta presupuesto<\/a><\/strong>.<\/p>\n","protected":false},"excerpt":{"rendered":"<p>Fotos y grabaci\u00f3n &#8211; edici\u00f3n de v\u00eddeo. Consulta presupuesto.<\/p>\n","protected":false},"author":1,"featured_media":0,"parent":0,"menu_order":0,"comment_status":"closed","ping_status":"closed","template":"","meta":{"_acf_changed":false,"footnotes":""},"class_list":["post-40","page","type-page","status-publish","hentry","wpautop"],"acf":[],"_links":{"self":[{"href":"https:\/\/personalweb.buscochico.info\/demos\/cristiano\/wp-json\/wp\/v2\/pages\/40","targetHints":{"allow":["GET"]}}],"collection":[{"href":"https:\/\/personalweb.buscochico.info\/demos\/cristiano\/wp-json\/wp\/v2\/pages"}],"about":[{"href":"https:\/\/personalweb.buscochico.info\/demos\/cristiano\/wp-json\/wp\/v2\/types\/page"}],"author":[{"embeddable":true,"href":"https:\/\/personalweb.buscochico.info\/demos\/cristiano\/wp-json\/wp\/v2\/users\/1"}],"replies":[{"embeddable":true,"href":"https:\/\/personalweb.buscochico.info\/demos\/cristiano\/wp-json\/wp\/v2\/comments?post=40"}],"version-history":[{"count":4,"href":"https:\/\/personalweb.buscochico.info\/demos\/cristiano\/wp-json\/wp\/v2\/pages\/40\/revisions"}],"predecessor-version":[{"id":44,"href":"https:\/\/personalweb.buscochico.info\/demos\/cristiano\/wp-json\/wp\/v2\/pages\/40\/revisions\/44"}],"wp:attachment":[{"href":"https:\/\/personalweb.buscochico.info\/demos\/cristiano\/wp-json\/wp\/v2\/media?parent=40"}],"curies":[{"name":"wp","href":"https:\/\/api.w.org\/{rel}","templated":true}]}}